
Let m(d) = -3*d**2 + 29*d - 60. Give m(14).
-242
Let c(n) = -20*n - 2651. What is c(-143)?
209
Let u(d) = 3*d**3 + 62*d**2 + 316*d + 217. Calculate u(-13).
-4
Let t(m) = 4*m**2 + 145*m + 753. Calculate t(-30).
3
Let i(t) = 21*t - 229. Give i(12).
23
Let c(b) = -322*b**3 - 3*b**2 + 8*b - 3. Determine c(1).
-320
Let y(h) = -36*h**2 - 997*h - 1589. Determine y(-26).
-3
Let p(m) = -9*m**2 + 406*m - 43. What is p(45)?
2
Let o(c) = -c**2 + 2*c + 472. What is o(-21)?
-11
Let z(s) = 16806*s - 16794. Determine z(1).
12
Let p(l) = 462*l + 2624. Calculate p(-6).
-148
Let y(g) = 7*g + 123. What is y(-7)?
74
Let d(s) = 64*s + 212. Calculate d(-8).
-300
Let l(q) = 20*q**2 - 5*q. Determine l(-2).
90
Let b(s) = -74*s + 6069. Calculate b(82).
1
Let p(g) = -2*g**2 - 94*g - 211. Give p(-45).
-31
Let v(g) = -20*g + 206. Calculate v(14).
-74
Let j(t) = 6*t**3 + t**2 - 59. Calculate j(0).
-59
Let b(i) = -i**3 + 20*i**2 - 33*i + 220. Determine b(19).
-46
Let l(q) = -7*q - 166. Give l(-25).
9
Let j(h) = -15*h - 939. What is j(-62)?
-9
Let s(j) = -4*j**3 + 173*j**2 - 46*j + 117. What is s(43)?
-12
Let v(t) = -8*t + 265. Determine v(29).
33
Let h(l) = -37*l**2 + 150*l - 7. Calculate h(4).
1
Let g(n) = 3220*n + 7. Calculate g(0).
7
Let r(h) = -3*h**3 - 37*h**2 - 110*h + 9. Calculate r(-6).
-15
Let r(p) = -p**3 - 34*p**2 - 27*p + 22. Give r(-33).
-176
Let u(d) = -d**2 + 7*d - 18. What is u(10)?
-48
Let m(h) = 1009*h + 19190. What is m(-19)?
19
Let a(z) = z**3 + 3*z**2 - 41*z + 17. Give a(-8).
25
Let z(g) = -g**3 - 17*g**2 + 58*g - 30. Calculate z(-20).
10
Let w(t) = t**3 + 50*t**2 - 271*t + 151. What is w(-55)?
-69
Let p(w) = w**3 - 59*w**2 - 59*w + 15. What is p(60)?
75
Let d(r) = r**3 - 57*r**2 + 513*r - 113. Calculate d(46).
209
Let z(m) = 4686*m + 98404. Determine z(-21).
-2
Let v(m) = 5*m - 202. What is v(44)?
18
Let x(b) = b**3 - 6*b**2 - 35*b + 3. Give x(10).
53
Let g(d) = -638*d + 33. Determine g(0).
33
Let w(u) = -u**3 - 26*u**2 + 90*u + 56. Calculate w(-29).
-31
Let m(a) = 21*a**3 + 5*a**2 + 1. Give m(3).
613
Let t(f) = 3*f - 19. What is t(-8)?
-43
Let h(p) = -98*p + 63. What is h(-2)?
259
Let g(q) = -60*q**2 + 12*q + 20. Give g(-2).
-244
Let v(l) = l**3 - 23*l**2 - 6*l + 98. What is v(23)?
-40
Let z(m) = m**3 - 7*m**2 + 6*m - 44. Determine z(7).
-2
Let v(q) = q**3 + 6*q**2 + 449*q + 1336. Determine v(-3).
16
Let g(y) = -179*y**2 - 3581*y - 30. Calculate g(-20).
-10
Let b(n) = n**3 - 30*n**2 + 145*n - 30. What is b(24)?
-6
Let q(w) = 3*w**3 + 37*w**2 + 8*w + 27. Calculate q(-12).
75
Let r(p) = -3640*p - 10913. Calculate r(-3).
7
Let g(p) = 3511*p + 24583. What is g(-7)?
6
Let n(q) = -q**3 + 7*q**2 + 1906*q - 11457. Give n(6).
15
Let l(p) = p**2 - 6*p - 21. Determine l(5).
-26
Let p(u) = 10*u**2 + 3*u - 18. Determine p(4).
154
Let v(o) = 2*o**2 - 71*o - 220. What is v(-3)?
11
Let p(f) = -f**3 + 24*f**2 - 75*f + 693. What is p(22)?
11
Let v(p) = p**3 + 75*p**2 + 143*p - 130. Give v(-73).
89
Let w(h) = h**3 + 15*h**2 + 18*h - 40. Calculate w(-14).
-96
Let s(x) = -12469*x + 49888. Determine s(4).
12
Let s(b) = 170*b - 831. Determine s(5).
19
Let q(g) = 119*g + 12144. Determine q(-102).
6
Let b(q) = -3*q**2 - 34*q - 13. What is b(-12)?
-37
Let q(z) = 4*z**3 + 20*z**2 - 5*z - 8. Calculate q(-5).
17
Let d(t) = -17*t - 1. Calculate d(4).
-69
Let b(m) = -m**3 + 9*m**2 + 132*m - 30. Determine b(-8).
2
Let s(w) = 554*w - 19984. Calculate s(36).
-40
Let h(y) = 20*y**3 + 17*y**2 - 32*y + 3. Calculate h(2).
167
Let n(g) = -74*g**2 + 252*g + 509. Give n(-2).
-291
Let b(d) = -221*d - 9494. Give b(-43).
9
Let j(y) = y**2 - 536*y - 3244. Determine j(-6).
8
Let g(t) = 6*t - 537. Determine g(73).
-99
Let t(j) = -63*j - 37. Determine t(-3).
152
Let o(l) = -l**3 - 8*l**2 + 11*l - 34. What is o(-9)?
-52
Let o(y) = -y**2 + 16*y + 29869. Calculate o(-165).
4
Let i(l) = -7*l**3 + 37*l**2 + 11. What is i(6)?
-169
Let q(v) = -v**3 - 88*v**2 + 40*v - 4370. Give q(-89).
-9
Let y(a) = 4*a**3 - 21*a**2 + 16*a + 11. What is y(5)?
66
Let x(c) = 32*c - 723. Determine x(23).
13
Let r(q) = 6*q + 203. Determine r(-30).
23
Let z(q) = 2*q**3 - 188*q**2 + 11*q - 1033. Determine z(94).
1
Let c(g) = 5*g**3 - 6*g**2 + 6*g. Give c(3).
99
Let n(z) = -9*z**2 + 131*z + 25. Calculate n(15).
-35
Let y(r) = 132*r**2 + 4092*r - 33. Calculate y(-31).
-33
Let j(x) = -6*x**2 - 67*x - 25. What is j(-11)?
-14
Let y(o) = -2*o**2 + 41*o + 3. Determine y(23).
-112
Let j(p) = -64*p + 1914. Determine j(29).
58
Let h(m) = -11*m**2 - 279*m - 372. What is h(-24)?
-12
Let j(f) = f**3 - 19*f**2 + 55*f - 1182. Determine j(20).
318
Let a(n) = -n**3 + 4*n**2 + 9*n - 36. Determine a(3).
0
Let u(t) = -t**2 - 39*t + 217. Calculate u(-44).
-3
Let p(k) = 108*k + 467. Give p(-5).
-73
Let l(y) = -17*y - 632. Determine l(-37).
-3
Let c(a) = -50*a + 89. Calculate c(4).
-111
Let a(g) = 2*g**3 - 48*g**2 + 200*g - 32. What is a(19)?
158
Let n(z) = 4*z - 160. What is n(38)?
-8
Let r(n) = -2*n**3 + 4*n**2 - 62*n + 211. Determine r(4).
-101
Let w(b) = b**3 - 19*b**2 + 77*b + 96. Calculate w(11).
-25
Let t(h) = 16*h + 3. Determine t(-23).
-365
Let p(h) = -19*h - 509. Calculate p(-25).
-34
Let l(w) = 131*w - 1285. What is l(9)?
-106
Let d(k) = -63*k + 1580. Give d(25).
5
Let m(l) = l**3 + 24*l**2 + 114*l + 29. Determine m(-6).
-7
Let q(p) = p**2 - 70*p - 59290. Give q(-211).
1
Let f(b) = 20*b**2 + 46*b + 6. Give f(-5).
276
Let x(w) = -w**3 - 48*w**2 - 8*w + 200. Determine x(-48).
584
Let o(w) = w**3 - 63*w**2 - 70*w + 386. Determine o(64).
2
Let w(b) = b**2 + 604*b - 1818. What is w(3)?
3
Let a(z) = z**3 - 2*z**2 - 3*z + 5. Determine a(8).
365
Let s(d) = -231*d**2 + 16*d - 1. What is s(-1)?
-248
Let u(w) = -5*w**3 - 55*w**2 - 2*w. What is u(-11)?
22
Let s(h) = 972*h + 7763. Give s(-8).
-13
Let g(s) = s**3 - 59*s**2 + 55*s + 84. What is g(58)?
-90
Let v(l) = l**3 - 16*l**2 + 24*l + 62. What is v(14)?
6
Let g(q) = q**2 + q - 387. Calculate g(0).
-387
Let g(v) = 2*v**3 - 51*v**2 - 19*v - 173. What is g(26)?
9
Let f(l) = -6*l**2 + 894*l + 8. Give f(149).
8
Let s(y) = 6*y**2 + 11*y + 41. Give s(-3).
62
Let s(f) = 10976*f + 186588. Determine s(-17).
-4
Let r(y) = 11*y + 63. Calculate r(-15).
-102
Let c(o) = o**3 + 15*o**2 - 5*o + 58. What is c(-17)?
-435
Let f(v) = -126*v - 634. Calculate f(-5).
-4
Let b(p) = p**2 + p - 38. Give b(5).
-8
Let f(p) = -p**3 + 9*p**2 - 20*p + 661. Determine f(12).
-11
Let t(u) = -6*u**2 + 10*u - 11. Give t(3).
-35
Let a(v) = 202*v - 271. What is a(2)?
133
Let f(l) = -l**2 + 55*l + 386. What is f(60)?
86
Let g(b) = -b**3 + 12*b**2 + 8*b - 13. What is g(11)?
196
Let x(y) = 191*y + 1147. Determine x(-6).
1
Let y(c) = -37*c + 287. What is y(8)?
-9
Let b(o) = -11*o**2 - 31*o + 28. What is b(-7)?
-294
Let o(h) = -2*h**3 + 147*h**2 + 542*h - 228. What is o(77)?
3
Let a(q) = -2*q**2 - 94*q + 294. What is a(-50)?
-6
Let g(f) = 2895*f + 26052. What is g(-9)?
-3
Let w(x) = 2*x**3 - 145*x**2 - 86*x + 936. What is w(73)?
-13
Let z(m) = -12*m**2 + 100*m - 386. Calculate z(4).
-178
Let q(d) = -224*d - 1343. Give q(-6).
1
Let y(a) = -a**3 + 5*a**2 + 21*a - 13. Calculate y(6).
77
Let v(t) = t**2 + 161*t + 1214. What is v(-8)?
-10
Let a(x) = 6*x - 343. What is a(59)?
11
Let n(z) = -2*z**3 - 12*z**2 + 15*z + 5. What is n(-7)?
-2
Let k(u) = -143*u**2 - 866*u - 45. Give k(-6).
3
Let i(o) = o**2 + 34*o + 284. Determine i(-17).
-5
Let w(j) = -j**2 - 6*j - 83. Give w(-7).
-90
Let o(h) = h**3 + 13*h**2 - 12*h + 23. Give o(-14).
-5
Let a(f) = f**3 + 5*f**2 + 190*f + 1176. Determine a(-6).
0
Let p(w) = -14*w**3 - 26*w - 25. Determine p(-1).
15
Let d(b) = b**3 - 44*b**2 + 191*b + 157. Give d(39).
1
Let h(c) = -708*c - 36110. Give h(-51).
-2
Let x(k) = -8*k**2 + 236*k + 234. Give x(-1).
-10
Let q(l) = 3*l**2 + 109*l + 65. Give q(-34).
-173
Let n(z) = 491*z + 2196. Determine n(-4).
232
Let r(u) = -1217*u + 8527. Give r(7).
8
Let f(r) = -27*r + 136. Determine f(10).
-134
Let j(v) = 105*v - 7567. Calculate j(72).
-7
Let h(p) = -165*p - 785. Calculate h(-5).
40
Let m(i) = 28*i - 146. What is m(10)?
134
Let q(c) = 3*c**2 + 6*c + 29. Give q(-8).
173
Let r(g) = -g + 377. Give r(-32).
409
Let d(p) = p**2 - 38*p - 403. Calculate d(45).
-88
Let p(g) = -2*g**2 - 21*g + 111. Determine p(5).
-44
Let r(t) = 4*t**2 + 103*t + 161. Calculate r(-21).
-238
Let t(s